h(o) = 2*o**3 - 5*o**2 + 2*o - 1. Let g be h(3). Let t = n + g. What is the tens digit of t?
1
Let c be (-4 + -1)/(-1*1). Suppose -f = -c, 3*r + 17 = -0*r + 4*f. Let q = r - -5. What is the units digit of q?
6
What is the units digit of (1 + -34)*(-4)/12*5?
5
Let y = 9 + -5. Suppose -8 + 0 = -3*s - y*h, 4*s - 36 = h. What is the units digit of (-2)/s + (-18)/(-8)?
2
Let m be (-1)/((-3)/108*2). Let d = 31 - m. What is the units digit of d?
3
Let i(f) = -3*f + 1. Let v(m) = m**2 - 5*m. Let b be v(4). Let h be i(b). Let y = h - 0. What is the tens digit of y?
1
Let j(r) = r**3 - 5*r**2 + 6*r - 6. Let i = -16 + 28. Suppose -i = -3*f - 0*f. What is the units digit of j(f)?
2
Suppose 553 = 16*h - 9*h. What is the units digit of h?
9
Let o(m) = -m**2 + m + 2. Let n be o(-2). Let f = -5 + 6. Let k = f - n. What is the units digit of k?
5
Suppose -7*h + 9*h - 14 = 0. Let j = 23 - h. What is the tens digit of j?
1
Let v(f) be the third derivative of f**6/120 + f**5/10 - 5*f**3/6 - f**2. Let y be v(-5). What is the units digit of (-9)/5*y/(-4)?
9
Let v(p) = -p + 1. Let r be v(-4). What is the units digit of r/(-10) - 17/(-2)?
8
Suppose 34 = -0*j - j. What is the units digit of 1/2 + (-527)/j?
6
Suppose -3*f + 96 = -0*f. What is the units digit of f?
2
Let g(c) = c**3 - 11*c**2 + 9*c + 4. Let d be g(10). What is the units digit of (0 + 15/d)*-2?
5
Let r be 20/(-6)*(-6)/4. Suppose -9 = -2*d + r*t - 2, 3*d - 28 = 4*t. What is the tens digit of d?
1
Let s(l) = -22*l - 2. Let m be s(-3). Suppose 0 = -3*q - q + m. What is the units digit of q?
6
Let l(a) = 2*a - 14. Let z be l(7). Suppose 50 = -z*i + 5*i. What is the tens digit of i?
1
Suppose 33 = 4*i - i. Suppose 0 = -2*g + 2*r - 0*r + 30, -5*r - i = -g. What is the tens digit of g?
1
Let j = 5 + 22. What is the tens digit of j?
2
Let p(m) = -2*m**2 - 10*m + 15. Let k(v) = v**2 + 5*v - 8. Let x(d) = -5*k(d) - 3*p(d). Let g be 68/(-10) - 11/55. What is the units digit of x(g)?
9
Suppose 0 = -2*u - 1 - 5. Let j = 4 + u. What is the units digit of j?
1
Suppose -6*x + 3*x = 75. Let c = -8 - x. What is the units digit of c?
7
Suppose 2*n + x = -100, -3*x = -n - 4*x - 49. What is the units digit of 22/(-77) + n/(-7)?
7
Suppose -88 = 3*y - 34. What is the units digit of (y/(-10))/(3/15)?
9
Suppose -28 = -t + 6. What is the units digit of t?
4
Let d(s) = 5*s - 23. Let l(b) = 2*b - 8. Let z(v) = 3*d(v) - 8*l(v). Let q be z(-7). Suppose -3*k + 16 = -p, 4*p = 3*k - q + 1. What is the units digit of k?
7
Let t = 14 - 4. Suppose g - 3 - t = -4*v, 0 = -4*v - 8. What is the tens digit of g?
2
Let t be (9/2 + -1)*2. What is the units digit of 6/(-21) + 198/t?
8
Suppose j + u = 22, 8 = j - u - 6. What is the units digit of j?
8
Let s(q) = 29*q**2 + 2*q - 1. Let v be s(1). Suppose -d + 5*n = 13, 0 = 2*d - 3*n + 7*n - v. Let t = d - 6. What is the units digit of t?
1
Let n = 35 - 16. What is the units digit of n?
9
Let l = 328 + -94. What is the hundreds digit of l?
2
Let b(x) = x**2 + 4*x - 3. Let o be b(-5). Suppose o = -5*v + 4*m + 1, -v = 5*m - 23. What is the units digit of v?
3
Let r = 85 + -58. What is the tens digit of r?
2
Suppose -3*a = -83 - 220. What is the hundreds digit of a?
1
Suppose 5*f + 3*g = 30, -5*f + 4*g - 5 = -0. What is the units digit of 1/(f - 60/21)?
7
Let d = -2 - -4. Suppose -4*i + 7 = 2*y + 1, 2*i = d*y - 6. Suppose -4*j + y = -j. What is the units digit of j?
1
Let d(u) = -u. Let x(q) = 6*q + 1. Let y be (-3 + 1)*6/2. Let i(s) = y*x(s) - 39*d(s). What is the units digit of i(5)?
9
Let d = 115 + -41. What is the tens digit of d?
7
Let u be (-26)/(-6) + (-2)/6. Suppose -2*s = -4*s + u. What is the units digit of s?
2
Suppose 3*z + 2 = -1. Let i = z - -11. What is the tens digit of i?
1
Suppose 11*l - 513 = -139. What is the tens digit of l?
3
Suppose 0 = 3*x - 3 - 3. Let p be 12*1*3/12. Suppose -u - x = -p*u. What is the units digit of u?
1
Suppose -5*v + 14 = -3*v. Suppose -5 - v = -3*f. What is the units digit of f?
4
Suppose -l + 45 - 6 = 0. Let g = 68 - l. What is the units digit of g?
9
Let k = 11 - 8. Let j be 2*(k - (1 - 0)). Suppose 5*u = 2*l - 0 + 5, -3*u = j*l - 29. What is the units digit of u?
3
Suppose 270 = 4*z + 2*z. What is the tens digit of z?
4
Let s = 7 - 5. Suppose -u + 7 = s. What is the units digit of u?
5
Suppose -3*l - 70 = -5*l. What is the units digit of l?
5
Let l(i) = -162*i**3 - 3*i**2 - 3*i - 1. What is the tens digit of l(-1)?
6
Let n = 82 - 45. What is the units digit of n?
7
Let p = -29 - -41. What is the tens digit of p?
1
Let t(n) = n + 10. Let d be t(-6). Suppose 0*a - a + d = 0. What is the units digit of a?
4
Let g(r) = r**3 - 4*r**2 + 2. Let b be g(4). Suppose -m - 15 = -x - b*m, 0 = 2*x - m - 21. What is the units digit of x?
2
Let q = 6 - 1. Let v be q/((3/(-3))/(-1)). Let p = 18 - v. What is the units digit of p?
3
Let a(u) = -u**2 - 6*u - 1. Let t be a(-6). Let b be 12/6 - (t + -18). Let l = 30 - b. What is the units digit of l?
9
Suppose 17*d = 12*d + 370. What is the tens digit of d?
7
Suppose -5*c = -f - 4, -4*f - c + 18 = -4*c. Let n(l) = -l + 6. Let i be n(f). Suppose 22 = 2*b - 4*h, -2*b + 2*h - 6*h + 6 = i. What is the units digit of b?
7
Suppose 0 = 4*z + 8, -2*g + 2*z = 7 - 23. Suppose 10 = g*o - 4*o. What is the units digit of o?
5
Let v(r) = 2*r - r + 2*r**2 - 6 + 6 - 3. What is the tens digit of v(3)?
1
Let w = 20 - -6. What is the tens digit of w?
2
Let q = 5 + -12. What is the units digit of 3 - (q - -3)/(-2)?
1
Suppose o = 3*o + 14. Let g = -7 - o. What is the units digit of (g + 3)*(-20)/(-3)?
0
What is the tens digit of 2 + 1 + 26 + -4?
2
Let l be 2 + -4 + 2*2. Suppose 3*f + l = 14. Suppose 0 = 3*h + h + 4*u - 28, 0 = -2*h + 4*u - f. What is the units digit of h?
4
Suppose -10*h + 375 = -5*h. What is the tens digit of h?
7
Suppose 0 = -3*s + 2*a + 260, -a - a - 174 = -2*s. What is the units digit of s?
6
Let w be 3/(-6)*(-3 + -1). What is the tens digit of 40/(-12)*(-9)/w?
1
Let k = -68 + 101. What is the units digit of k?
3
Let j(r) = r**3 + 5*r**2 - 8*r - 1. What is the units digit of j(-6)?
1
Suppose 0 = f - 2*v + 3*v - 2, 5*v = -10. Suppose 50 = 6*a - a. Suppose f*m = a + 10. What is the units digit of m?
5
What is the tens digit of 27*(0 - (3 + -4))?
2
What is the tens digit of 6*(1484/24 - 4)?
4
Let v = 3 + -3. Suppose 10 = -5*j - v*j. Let s = 4 - j. What is the units digit of s?
6
Let c(d) = d + 7 + 3*d - 4*d**2 + 5*d**2 + 3*d. What is the units digit of c(-6)?
1
Suppose -5*z + 305 = 5*d, -4*z - 2*d + 221 + 23 = 0. What is the tens digit of z?
6
Suppose -3*v = -7*v. Suppose -30 = -5*j - 5*p, 0*j + j + 3*p = v. What is the units digit of j?
9
Suppose -n = 3*n + 136. Let c = n + 64. Suppose -5*m + c = y, 2*m = y + 5 - 0. What is the units digit of m?
5
Suppose -g + 105 = 4*k + 4*g, 4*k = 4*g + 60. What is the units digit of k?
0
Let b(l) = l**2 - 4. Let k be b(0). What is the tens digit of (-114)/12*(k + 0)?
3
Suppose -3*t = -2*a + 2, 4*a = 7 - 3. Suppose 2*v - 4*g = -t*v + 10, -5*g = 3*v - 59. What is the tens digit of v?
1
Suppose -2*y + 80 = 3*y. What is the tens digit of y?
1
Let j(g) = 5*g - 19. What is the units digit of j(9)?
6
Let p be -1 - -1 - 4/(-2). Let y be 57*(-2)/12*-4. Suppose p = -4*b + 3*b, -3*b - y = -4*c. What is the units digit of c?
8
Let h be ((-8)/(-4))/(-1) + 62. Let k = 89 - h. What is the tens digit of k?
2
Suppose 5*l - 2*d - 1 = 0, 5*l - d = 4 - 1. Let v(o) = -o**3 - 10*o**2 + o + 10. Let z be v(-10). Let r = l + z. What is the units digit of r?
1
Let j = 8 - 23. Let r be 2/10 - 87/j. Suppose 5*m - 8*m = -r. What is the units digit of m?
2
Suppose o + 6*o - 203 = 0. What is the units digit of o?
9
Let m = -1 - -3. Suppose 3*g = 2*k + 7, -m*k - k = -3*g + 3. Suppose 39 + 1 = 4*d - 2*t, 0 = g*t. What is the units digit of d?
0
Suppose -4*o + 3*l = -0*o + 36, 5*l = o + 26. Let r(i) = -2*i + 1. What is the units digit of r(o)?
3
Let a(s) = 7 - 3*s + 4*s + 3 + 3. Let u be a(-11). Suppose 3*y = -u*y + 65. What is the units digit of y?
3
Let c be (24/(-9))/(2/(-3)). Let l = c + 2. What is the units digit of l?
6
Suppose -3*d - 4*j = -265, -6 = 3*j - 0*j. What is the units digit of d?
1
What is the units digit of (14/4)/(7/14)?
7
Let j = 52 - -8. What is the units digit of j?
0
Suppose -4*y + 2*h = -140, 4*y 